ase 2, what is 1001100011001101 - -101000100111?
1010001011110100
In base 3, what is 0 + -2101122101011112?
-2101122101011112
In base 2, what is -101 + -1001101011100101111111100000?
-1001101011100101111111100101
In base 16, what is 253c + e7?
2623
In base 8, what is 2102 + 577434?
601536
In base 16, what is 2 + 2c2bc7?
2c2bc9
In base 10, what is -469931 + -12?
-469943
In base 9, what is -242 - 738205?
-738447
In base 12, what is 6830199 + -4?
6830195
In base 3, what is -1102111 + 201201?
-200210
In base 14, what is 14bd40c - -5?
14bd413
In base 15, what is 2 + -4cd11cb?
-4cd11c9
In base 3, what is -222221010210 + 2112?
-222221001021
In base 8, what is 67321 - 1154?
66145
In base 11, what is 4 - -28805?
28809
In base 13, what is c81 - b807?
-a856
In base 13, what is 8aca + -539?
8591
In base 7, what is -23 + 240335000?
240334644
In base 13, what is 321 - 7b379?
-7b058
In base 15, what is -ca57 - -77?
-c9d0
In base 16, what is aab8d - -3?
aab90
In base 7, what is 1421624 - 55?
1421536
In base 8, what is 60 - 1601575?
-1601515
In base 11, what is -84 - -20570?
20497
In base 12, what is -6a302 - -35b?
-69b63
In base 4, what is 321131301 + 102?
321132003
In base 10, what is -5 + -567644?
-567649
In base 14, what is 22b2 + -149?
2167
In base 13, what is -46 + -4b37?
-4b80
In base 13, what is 32881 + -34?
3284a
In base 9, what is 286 - -1406075?
1406372
In base 8, what is -74 + -6630046?
-6630142
In base 2, what is -10 - -1100111011011110100110010?
1100111011011110100110000
In base 3, what is -10 + -212010001222222?
-212010002000002
In base 4, what is -22010030 - 11113?
-22021203
In base 14, what is -174a2 - 9?
-174ab
In base 2, what is -1110111010 + 1010000110111101010?
1010000101000110000
In base 6, what is -41002 + 211232?
130230
In base 15, what is -1e8c - 1d9?
-2176
In base 12, what is 66659 - 65?
665b4
In base 6, what is 1 - -10550133?
10550134
In base 2, what is -11110111010001100 - 1100000011001?
-100000011010100101
In base 4, what is 11001 - -1013033313?
1013110320
In base 7, what is 4 - 15035523?
-15035516
In base 8, what is -12 - -2013365?
2013353
In base 15, what is -288 - -536?
29d
In base 4, what is -121 - 2201321131?
-2201321312
In base 16, what is -49e + -198a22?
-198ec0
In base 14, what is -54917702 + 2?
-54917700
In base 14, what is -10 - 53a2546?
-53a2556
In base 5, what is 2122410 - -130411?
2303321
In base 5, what is -3333123310311 - 1?
-3333123310312
In base 3, what is 2 - 1222202102210?
-1222202102201
In base 15, what is -2 + -d8d735?
-d8d737
In base 11, what is -21a74 + 3683?
-193a1
In base 2, what is 100000001111111110101 - 100100?
100000001111111010001
In base 10, what is 17 + 43410892?
43410909
In base 8, what is 3623 - 5130?
-1305
In base 11, what is 323670 - 324?
323347
In base 15, what is -14 + 10087e?
10086a
In base 5, what is -120241 + 11330334?
11210043
In base 5, what is 131440 - -12013?
144003
In base 9, what is 1 - 2380525?
-2380524
In base 7, what is 4132000 + -3?
4131664
In base 8, what is 11003057 - -1?
11003060
In base 12, what is -1034 - b8154?
-b9188
In base 15, what is 251c - -3eb?
2918
In base 12, what is 1202b8 - -2?
1202ba
In base 9, what is 8010 + 1375?
10385
In base 10, what is -13 - 77586?
-77599
In base 4, what is -331032303 + -2321?
-331101230
In base 11, what is -118569 - -16?
-118553
In base 4, what is -1 + 131311333022?
131311333021
In base 12, what is 58a1a7 - -5a3?
58a78a
In base 9, what is 213077 - 8?
213068
In base 3, what is 2000020021200112012 + 10?
2000020021200112022
In base 16, what is -4 + 64e72c?
64e728
In base 9, what is -2807062 - -27?
-2807034
In base 9, what is 45 + 3605728?
3605774
In base 8, what is -617331 + -1573?
-621124
In base 8, what is 216727545 + 4?
216727551
In base 13, what is -b880 + 694?
-b1b9
In base 9, what is 2 - -13056731?
13056733
In base 11, what is 19 + -94617?
-945a9
In base 6, what is 24531 - -2545?
31520
In base 4, what is 1002111230130 + -310?
1002111223220
In base 8, what is -1430250200 + 2?
-1430250176
In base 16, what is 1b0b20 - -c3?
1b0be3
In base 13, what is -814b5c + 0?
-814b5c
In base 4, what is -32 - 1230330012?
-1230330110
In base 7, what is -22136506 + 12?
-22136464
In base 13, what is 611727 + -17?
611710
In base 13, what is 36840 - b1?
3675c
In base 5, what is -122211043404 + -1?
-122211043410
In base 12, what is 357 + 10242?
10599
In base 5, what is -1332333 + 10331?
-1322002
In base 2, what is 1001 + 10110001011001000111101?
10110001011001001000110
In base 5, what is -10412 - 2434331?
-3000243
In base 13, what is 123b609 + -3?
123b606
In base 13, what is 35a5a - 2698?
33392
In base 7, what is -11 + 33204363?
33204352
In base 7, what is -1063 - -2355226?
2354133
In base 7, what is -6 - 43240035?
-43240044
In base 13, what is -172 - 4364c?
-437c1
In base 3, what is 11121022010 + -1121?
11121020112
In base 16, what is d2c2 - -184?
d446
In base 11, what is -1815a - -1555?
-16705
In base 9, what is 5 + -52127510?
-52127504
In base 13, what is -8 + -a5024c?
-a50257
In base 11, what is 5126221 + 2?
5126223
In base 13, what is 86 - 65bc?
-6536
In base 13, what is 1977 + 2343?
3cba
In base 3, what is -121 - -102121221212222?
102121221212101
In base 7, what is 6534244 - -1626?
6536203
In base 13, what is 921959 + -1?
921958
In base 16, what is 39ba + 112f?
4ae9
In base 4, what is 13323301121002 + 11?
13323301121013
In base 15, what is dad0 - -cd4?
e8b4
In base 10, what is 4376368 - 19?
4376349
In base 7, what is -30341 - -5413?
-21625
In base 3, what is 112101221101112112 - 2?
112101221101112110
In base 11, what is 32452a71 - 4?
32452a68
In base 12, what is 44a944 + -6?
44a93a
In base 15, what is 666 + -327?
33e
In base 11, what is -8230077 - 2?
-8230079
In base 13, what is -1813947b - 0?
-1813947b
In base 2, what is 0 - 110011110010000101011?
-110011110010000101011
In base 4, what is 1132212321 - -132?
1132213113
In base 10, what is -5660237 - 94?
-5660331
In base 11, what is 78645 - 4631?
74014
In base 14, what is 5 - -1350b39?
1350b40
In base 15, what is 9 + c7bc?
c7c6
In base 12, what is -162027 - -9?
-16201a
In base 11, what is -42335147 - 5?
-42335151
In base 15, what is 181 - aa?
c6
In base 3, what is -202221112202010 - -12?
-202221112201221
In base 15, what is -25d110eb + 2?
-25d110e9
In base 9, what is -5845 - -22288?
15343
In base 11, what is -28821923 + -1?
-28821924
In base 2, what is 1110001101 - 100001010000?
-10011000011
In base 9, what is -164351666 - -3?
-164351663
In base 10, what is 2 + -528167?
-528165
In base 12, what is b - 1a862ab?
-1a862a0
In base 11, what is a1064 + -6?
a1059
In base 6, what is 4213 + -2232401?
-2224144
In base 14, what is -5 - 5d9173?
-5d9178
In base 13, what is 1cb0 - 6c6?
15b7
In base 3, what is 12 + -10122200001100?
-10122200001011
In base 12, what is -1847 + 2223?
598
In base 12, what is 805 + -113600?
-1129b7
In base 9, what is 2567184 - -3?
2567187
In base 8, what is 7 + 531674?
531703
In base 4, what is -1 + 213120111321?
213120111320
In base 7, what is 12212364 - 3?
12212361
In base 14, what is -2bd9d + -62?
-2c021
In base 11, what is -27aa9521 - 9?
-27aa952a
In base 11, what is 15 - -40870306?
40870320
In base 4, what is 220311321233 - 31?
220311321202
In base 6, what is 31414253153 - -1?
31414253154
In base 16, what is -6d8 + 2cb66?
2c48e
In base 10, what is -42 - -2706?
2664
In base 16, what is 11c0b6 + -b?
11c0ab
In base 5, what is -42101 + 32344?
-4202
In base 5, what is -23 - -210122211?
210122133
In base 15, what is 5 + -b3884a7?
-b3884a2
In base 8, what is -56036242 + -7?
-56036251
In base 4, what is 11330 - -20212010?
20230000
In base 7, what is -3 - -361251422?
361251416
In base 5, what is 10 + -120021324242?
-120021324232
In base 4, what is 12133223 - -2113?
12202002
In base 15, what is -37d5 + 52d?
-32a7
In base 2, what is 100001010111 + -110110110011?
-10101011100
In base 4, what is 13120102110122 - 10?
13120102110112
In base 14, what is -1 + -104c4ad?
-104c4b0
In base 10, what is -1 + 153077682?
153077681
In base 6, what is -2 - -4302314534?
4302314532
In base 13, what is 3 - 28237ca?
-28237c7
In base 14, what is 43589 - -51?
435da
In base 9, what is 1272153 + 462?
1272625
In base 10, what is -2233 + -101590?
-103823
In base 8, what is 3 - -361352261?
361352264
In base 13, what is 30